o + 117. Give x(-22).
7
Let m(y) = -57*y - 2243. Calculate m(-39).
-20
Let x(o) = o**3 + 18*o**2 - 3*o - 19. Calculate x(-18).
35
Let o(i) = -3*i**3 - 3*i**2 + 3*i - 6. Determine o(-5).
279
Let c(q) = 2*q**2 - 35. Calculate c(6).
37
Let k(q) = 6*q + 145. Calculate k(-38).
-83
Let a(r) = 5*r**2 - 179*r + 132. What is a(35)?
-8
Let i(p) = -4*p**2 + 187*p + 42. Give i(47).
-5
Let c(z) = -2*z**3 - z**2 + 55*z + 117. Calculate c(-2).
19
Let f(t) = -4*t**2 - 77*t - 155. Calculate f(-17).
-2
Let r(h) = h**2 - 68*h + 37. Give r(60).
-443
Let q(n) = 10497*n - 31487. Calculate q(3).
4
Let b(m) = -89*m + 4. Calculate b(-1).
93
Let q(i) = -403*i + 31451. What is q(78)?
17
Let o(j) = -j**3 + 70*j**2 + 463*j - 543. Determine o(76).
-11
Let s(b) = -b**2 + 11*b - 25. Determine s(0).
-25
Let a(g) = -103*g**2 + 445*g + 1. Calculate a(5).
-349
Let c(m) = -3*m**2 - 14*m - 13. What is c(-4)?
-5
Let c(j) = j**2 - 63*j + 473. Calculate c(54).
-13
Let z(l) = l**2 + 3*l + 10. Give z(-4).
14
Let x(g) = g**3 - 13*g**2 + 3*g - 18. What is x(13)?
21
Let h(y) = 4*y**3 - 29*y**2 + 24*y - 111. Give h(7).
8
Let n(c) = 173*c - 1387. Calculate n(8).
-3
Let o(i) = 13*i - 764. Determine o(59).
3
Let q(c) = -c**3 - 79*c**2 - 153*c + 83. Give q(-77).
6
Let y(m) = 261*m**2 - 26*m + 26. Calculate y(1).
261
Let j(i) = -7*i**3 - 252*i**2 + i + 38. What is j(-36)?
2
Let k(f) = 14*f + 863. Calculate k(-75).
-187
Let b(a) = a**2 + 49*a - 107. What is b(-51)?
-5
Let i(k) = -k**3 + 23*k**2 - 81*k + 28. Give i(3).
-35
Let p(l) = 99*l - 3970. What is p(40)?
-10
Let j(s) = 128*s - 2436. Calculate j(19).
-4
Let w(o) = 2*o**3 + 25*o**2 - 24*o - 427. Give w(-12).
5
Let a(d) = 2*d**3 - 11*d**2 + 14*d + 47. What is a(6)?
167
Let a(v) = 2*v**2 + 5*v - 223. Give a(-17).
270
Let f(l) = l**3 + 11*l**2 - 6*l - 43. Calculate f(-11).
23
Let b(t) = t**3 - 62*t**2 - 16*t + 985. Give b(62).
-7
Let z(j) = -j**3 + 45*j**2 - 79*j - 88. Calculate z(43).
213
Let g(m) = m**2 - 45*m + 19. Give g(45).
19
Let q(d) = -36*d**2 - 940*d - 91. What is q(-26)?
13
Let v(l) = 2*l**3 + 128*l**2 - 268*l - 8970. Give v(-65).
0
Let f(z) = -z**3 + 2*z**2 + 222*z + 65. Calculate f(16).
33
Let d(g) = g**3 - 32*g**2 - 67*g - 24. Give d(34).
10
Let y(d) = 4*d**3 + 49*d**2 - 165*d - 1. Calculate y(-15).
-1
Let g(v) = -131*v - 3635. Calculate g(-27).
-98
Let i(p) = 9*p**2 + 233*p - 68. Calculate i(-25).
-268
Let h(i) = -185*i + 7033. Determine h(38).
3
Let p(v) = -3*v**2 - 40*v - 26. Determine p(-13).
-13
Let b(a) = -34*a**2 + 7450*a - 883. What is b(219)?
-7
Let s(h) = -4*h**3 - 1101*h**2 - 277*h - 542. Calculate s(-275).
8
Let a(z) = -17*z**2 + 3*z - 3. What is a(-2)?
-77
Let l(n) = 52*n + 272. What is l(-6)?
-40
Let j(u) = -u**3 - 79*u**2 + 247*u + 73. What is j(-82)?
-9
Let x(r) = 14*r - 1117. What is x(69)?
-151
Let h(m) = -m**3 - 17*m**2 - 25*m - 42. Calculate h(-12).
-462
Let k(p) = -55*p + 1. Calculate k(1).
-54
Let t(z) = -6*z**2 - 640*z + 855. Calculate t(-108).
-9
Let u(p) = -110*p - 1191. Determine u(-11).
19
Let x(z) = -11*z - 185. Give x(-18).
13
Let q(c) = -6*c - 550. What is q(-85)?
-40
Let a(o) = 18*o**2 - 77*o - 59. Calculate a(5).
6
Let k(g) = -g**3 - 54*g**2 + 58*g + 183. What is k(-55)?
18
Let u(s) = s**2 - 497*s + 1973. What is u(4)?
1
Let h(s) = -14*s**2 + 15*s - 13. What is h(1)?
-12
Let h(j) = -32*j + 2636. Determine h(82).
12
Let f(y) = -2*y**3 + 5*y**2 - 15*y - 7. Determine f(4).
-115
Let r(z) = -z**3 - 6*z**2 - 92*z - 1307. Calculate r(-10).
13
Let a(k) = -18*k**2 - 27*k. Determine a(-2).
-18
Let o(t) = t**3 + 42*t**2 + 419*t - 112. Determine o(-17).
-10
Let y(w) = -w**3 + 6*w**2 + 21*w - 125. Calculate y(6).
1
Let y(n) = 3*n**3 - 37*n**2 - 24*n + 16. What is y(13)?
42
Let p(d) = d**3 + 24*d**2 + 50*d - 59. Determine p(-22).
-191
Let f(w) = 2*w**3 - w**2 - 3*w - 252. Give f(0).
-252
Let c(o) = o**3 - 8*o**2 - 25*o + 13. What is c(4)?
-151
Let x(s) = -s**3 + 93*s**2 - 7*s + 656. Calculate x(93).
5
Let q(d) = -d**2 - 163*d - 5223. Determine q(-44).
13
Let c(v) = 96*v + 460. Determine c(-6).
-116
Let l(r) = 18*r**2 + 189*r + 344. Calculate l(-8).
-16
Let x(r) = r**3 - 58*r**2 - 61*r + 109. Determine x(59).
-9
Let x(h) = -26*h + 45. Give x(5).
-85
Let v(d) = d**3 + 69*d**2 + 643*d + 33. Calculate v(-11).
-22
Let j(m) = 19*m**2 - 540*m + 737. What is j(27)?
8
Let q(o) = -34890*o - 244224. What is q(-7)?
6
Let z(g) = 165*g**2 - 8*g - 4. Determine z(-1).
169
Let v(l) = 3*l + 94. What is v(0)?
94
Let y(s) = -632*s - 5572. Determine y(-9).
116
Let m(f) = -57*f + 913. Calculate m(16).
1
Let u(y) = -y - 61. What is u(-4)?
-57
Let a(f) = f**3 + 14*f**2 - 15*f - 19. What is a(-15)?
-19
Let s(b) = -598*b + 3587. What is s(6)?
-1
Let n(h) = 13*h + 200. Determine n(-7).
109
Let i(a) = 425*a + 1519. What is i(-3)?
244
Let f(h) = h**3 - 15*h**2 + 10*h - 19. Give f(11).
-393
Let u(w) = -2*w**2 + 52*w - 30. Determine u(26).
-30
Let b(m) = 2*m**3 - 21*m**2 - 895*m + 114. Give b(27).
6
Let w(f) = 3*f**3 - 68*f**2 - 95*f - 17. Give w(24).
7
Let a(k) = k**3 + 39*k**2 - 69*k - 1047. Determine a(-40).
113
Let v(g) = -45*g**3 + 14*g**2 + 2*g - 12. Determine v(-1).
45
Let l(m) = -24*m**2 + 1250*m - 105. Calculate l(52).
-1
Let n(i) = i**2 - 27*i - 191. What is n(33)?
7
Let v(g) = g**2 - 24*g - 534. Calculate v(38).
-2
Let l(s) = 96*s - 2597. What is l(27)?
-5
Let i(o) = -8*o + 702. Determine i(96).
-66
Let z(a) = a - 12. Determine z(22).
10
Let y(q) = q**3 - 33*q**2 - 45*q + 387. Give y(34).
13
Let f(j) = -148*j + 1036. Determine f(7).
0
Let n(o) = -5*o**3 - 9*o**2 - 12*o + 2. Give n(-2).
30
Let t(g) = 9*g**2 - 15*g + 173. Calculate t(6).
407
Let u(o) = -o**2 - 3*o + 189. What is u(-15)?
9
Let r(b) = 2*b**2 + 219*b + 1052. Calculate r(-5).
7
Let b(j) = 33*j - 2039. What is b(67)?
172
Let p(k) = -k**3 + 29*k**2 + 64*k + 70. Calculate p(31).
132
Let c(z) = 36*z - 47. Calculate c(-4).
-191
Let c(v) = -51*v - 1562. Calculate c(-31).
19
Let r(s) = s**3 - 2*s**2 - 29*s + 245. What is r(-7)?
7
Let c(d) = 8*d**3 + 4*d**2 + 22*d - 68. Calculate c(3).
250
Let v(n) = 2*n**2 + 183*n - 8200. What is v(33)?
17
Let f(w) = -155*w - 604. Determine f(-3).
-139
Let m(t) = 1590*t + 6356. Determine m(-4).
-4
Let b(k) = 6*k**3 - 6*k**2 - 36*k - 6. Calculate b(3).
-6
Let n(b) = b**3 - 49*b**2 - 4*b + 242. What is n(49)?
46
Let v(b) = 2*b**2 + 62*b + 65. Give v(-1).
5
Let g(x) = -57*x**2 - 17612*x + 286. Calculate g(-309).
-23
Let r(m) = 187*m + 1469. Determine r(-8).
-27
Let r(b) = -b**3 - 31*b**2 + 31*b - 52. Determine r(-32).
-20
Let w(r) = -r**3 - 47*r**2 - 93*r - 128. Give w(-45).
7
Let n(d) = d**2 - 31*d - 406. Determine n(-10).
4
Let g(u) = u**3 + 15*u**2 - 29*u - 731. Calculate g(-13).
-16
Let p(a) = -35*a - 85. Give p(-2).
-15
Let n(f) = -f**3 - 11*f**2 - 68*f - 570. Determine n(-10).
10
Let d(o) = -o**3 - 18*o**2 + 103*o + 318. Determine d(-22).
-12
Let q(t) = 132*t + 418. Give q(-3).
22
Let d(h) = h**2 + 157*h - 7397. Calculate d(38).
13
Let d(b) = -b**3 - 18*b**2 - 110*b - 461. Calculate d(-12).
-5
Let j(x) = -13*x**2 - 48*x. Give j(-2).
44
Let b(t) = 17*t + 544. Give b(-31).
17
Let l(g) = 26*g + 23. Determine l(-3).
-55
Let i(g) = g**3 + 32*g**2 + 67*g + 213. Give i(-30).
3
Let b(c) = -70*c - 441. Give b(-7).
49
Let t(w) = w**2 - 11*w + 891. Determine t(0).
891
Let f(o) = -3*o**3 - 38*o**2 - 19*o - 30. Give f(-8).
-774
Let d(q) = -375*q + 1095. Give d(4).
-405
Let j(p) = 2*p**2 + 2*p - 371. Calculate j(-14).
-7
Let w(y) = -60*y - 22. What is w(-5)?
278
Let n(y) = 74*y - 1431. Give n(19).
-25
Let b(m) = 13*m**2 + 136*m + 39. What is b(-10)?
-21
Let b(o) = 2*o**2 + 19*o - 194. Give b(-15).
-29
Let z(f) = 32*f**3 - 3*f**2 - 11*f + 14. Calculate z(1).
32
Let m(z) = -227*z + 1575. Calculate m(7).
-14
Let b(z) = 69*z + 233. What is b(-4)?
-43
Let o(n) = 8*n**3 - 8*n - 17. What is o(-2)?
-65
Let t(y) = y**3 - 2*y**2 + 41*y - 78. Give t(2).
4
Let t(q) = -2*q**2 + 106*q + 1269. Calculate t(-11).
-139
Let s(a) = 5*a**3 - 3*a**2 - 2*a + 7. Determine s(3).
109
Let k(s) = 20*s + 266. Determine k(-17).
-74
Let t(c) = c**3 - c**2 - 2*c - 736. What is t(0)?
-736
Let y(a) = 2*a**2 + 275*a - 840. What is y(3)?
3
Let k(w) = 2*w**2 + 529*w - 2128. What is k(4)?
20
Let i(p) = 5*p**3 - 98*p + 97. Determine i(1).
4
Let l(i) = 32*i - 201. Give l(6).
-9
Let u(d) = 1